+ 46. What is the units digit of s(6)?
6
Suppose 26*n - 61584 = -22*n. What is the thousands digit of n?
1
Suppose o + 5*y - 770 = 0, 2*y + 2361 = o + 2*o. What is the hundreds digit of o?
7
Suppose -617 - 1511 = -7*t. Let y = -183 + t. What is the hundreds digit of y?
1
What is the tens digit of 1/(6/(-1)) + 37593/54?
9
Let r be (-2)/4 - 18/4. Let i(k) be the third derivative of -k**5/60 - k**4/4 + k**3/6 + 2*k**2 + 2. What is the units digit of i(r)?
6
Suppose -2*z - 15 = 279. Let v = z + 220. What is the tens digit of v?
7
Let q = -29 + 53. Suppose 4*a - 135 = -5*d, -3*d + q = a - 5*d. What is the units digit of a?
0
Suppose -4*h + 1 = -31. Suppose -3*r + 107 = h. What is the units digit of r?
3
Suppose -6*p = -2*p - 2*l - 18, 3*p = -2*l + 10. Suppose 3 = -3*h + p*h. Suppose 0 = h*a, -2*b + 3*a + 160 = 3*b. What is the tens digit of b?
3
Let z(l) = 17*l - 22. Let x = 33 + -23. What is the units digit of z(x)?
8
Let f(x) = -321*x - 9. What is the units digit of f(-7)?
8
Let a be 3*100/12 + 2. What is the units digit of 21/2*126/a?
9
Suppose 2*g = 3*g. Suppose d = -g*d - 3. What is the units digit of 2/d*-33 + 3?
5
Let a = -14 + -13. What is the tens digit of ((1 - 3) + -4)*a/2?
8
Let u(o) be the third derivative of o**6/90 - o**5/40 - o**4/8 - o**3 - 3*o**2. Let p(l) be the first derivative of u(l). What is the units digit of p(3)?
4
Suppose 514 = 9*o - 2843. What is the units digit of o?
3
Suppose 4*t + 0 - 4 = 0, 0 = -5*z + t + 29. Suppose z*n = 12*n - 282. What is the units digit of n?
7
Let j = 23 - 22. Let n be -4 + (j + -2)/(-1). What is the tens digit of -4 + 75/(-9)*n?
2
Let p(c) = 3*c**3 - 7*c**2 - c - 74. What is the hundreds digit of p(9)?
5
Suppose -199*k = -191*k - 1632. What is the tens digit of k?
0
Suppose 2821 = 2*n + 5*n. What is the tens digit of n?
0
Suppose 3*x = b + 3728, 0*x = -5*x + 5*b + 6200. What is the hundreds digit of x?
2
Let z be -172*(-8)/4 - 0. What is the hundreds digit of z/3 + (-3)/27*-3?
1
Let v(l) = l. Suppose 0*j = -n + 2*j, -5*j = -3*n + 2. Let f be v(n). Suppose -12 = -f*s + 68. What is the tens digit of s?
2
Let x = 860 - 394. What is the hundreds digit of x?
4
Let g(y) = 5*y**2 + 5*y + 2. Suppose 0 = o - 4 + 5, 5*o = x - 33. Let s be (x/14)/((-2)/3). What is the tens digit of g(s)?
3
Suppose 4*r - 7 - 5 = 0. Suppose 2*p + 27 = 5*v, 10 = 4*p + r*v - 1. What is the units digit of (-6)/(-3) + (p - -26)?
7
Let j be 5 + 1/(4/(-12)). Suppose 3*t - 11 = s, 3*t = 8*t - j*s - 20. Let u(f) = 8*f**2 + 2*f + 1. What is the tens digit of u(t)?
3
Suppose 0 = 2*f - 15*f + 1690. What is the units digit of f?
0
Suppose -v = -p - 99, -5*v - 3*p = 2*p - 525. What is the hundreds digit of v?
1
Let i(r) = r**2 + 2*r - 6. Let l be (-5)/(5 + -1 + -3). What is the units digit of i(l)?
9
Suppose 0 = -3*v + 114 + 57. Let z be 2 + 3/9 + (-24)/(-36). Suppose -z*i + 2*t + 17 = -v, -2*i + 3*t + 56 = 0. What is the tens digit of i?
2
Let q = 10 - 6. Suppose 6 = a + i + 4*i, 4*i - q = -a. What is the units digit of (2 - a)/((-2)/(-1))?
3
Let c = 493 - 342. Let l = c + -227. What is the tens digit of (7/(-4) + 1)*l?
5
Suppose -9*j = -59*j + 138850. What is the thousands digit of j?
2
Suppose 20*h = 8*h + 4944. What is the units digit of h?
2
Suppose -5*v + 0*v = 10. Let m = 9 + v. Suppose 4*y + m - 63 = 0. What is the tens digit of y?
1
Suppose 0 = 26*j + 22*j - 75936. What is the tens digit of j?
8
Suppose 2*r - 19 = 5*f, 3*f + 14 = 2*r - 3. Suppose -4*o - 5*d = -249 + 24, d - 205 = -4*o. Suppose x = o + r. What is the units digit of x?
7
Let s = 16 + -14. Suppose -4*o + 2*y + 272 = 0, 0 = s*y - y. What is the tens digit of o?
6
Suppose 0*l + 9 = l. Let r(g) = 8*g + 5. What is the tens digit of r(l)?
7
Let i(p) be the first derivative of p**3 - 7*p**2 - 18*p + 2. What is the units digit of i(-7)?
7
Let b = -15 + -15. What is the hundreds digit of (-381 + 0)*(-2 - b/18)?
1
Suppose -n + 5 = 4*n - o, 2*n = 4*o - 16. Let s(h) = h**3 + 2 + 0 - 5*h - 14*h**n + 15*h**2. What is the units digit of s(4)?
2
Let m(f) = f**2 - f - 1. Let p(l) = -3*l**2 + 5*l + 4. Let j(x) = 5*m(x) + p(x). Let a be j(-2). Suppose 5*z - a*z = -14. What is the units digit of z?
7
Suppose -1 - 1 = 2*m. Let u = -4 - m. Let s = u + 18. What is the tens digit of s?
1
Suppose 0 = -0*l - 5*l + 25. Suppose l*v = 61 + 64. What is the units digit of v?
5
Let l(t) = -6*t + 5. Let m(a) = 30*a - 24. Let d(i) = 14*l(i) + 3*m(i). What is the tens digit of d(6)?
3
Let q(v) = -v**3 + 7*v**2 - 2*v + 4. Let a be q(7). What is the tens digit of 3/((a/2)/(-155))?
9
Let g(t) = -4*t - 17. Let n be g(-6). Suppose 0 = -2*o + n*o - 100. What is the units digit of o?
0
Let u be (17 - 19) + 46/2. Let s = u + -19. What is the units digit of s?
2
Suppose -3*w = -14*w. Suppose y - 89 - 18 = w. What is the hundreds digit of y?
1
Let c = 48 - -390. What is the tens digit of c?
3
Suppose -h = 3*x - 10503, 3*x + 11*h - 14*h - 10491 = 0. What is the hundreds digit of x?
5
What is the units digit of (35 - 26)*(-2343)/(-9)?
3
Let a(l) = 12 - 5*l**2 + 3*l - 5*l**3 + 11 + 2*l**2 - 22. What is the tens digit of a(-3)?
0
Let q = -85 + 689. Suppose -3*u + h = -q, 2*u + 2*h - 386 = 6*h. What is the tens digit of u?
0
Let i be (-3792)/20 + 2 + (-12)/5. Let l = 270 + i. What is the units digit of l?
0
Suppose 9 = -3*z - 66. Let i = z + 37. Suppose -52 = -q - i. What is the units digit of q?
0
Suppose -960 = -3*f - 6. What is the tens digit of f?
1
Let y(u) = 42*u - 6. Let c be y(4). Let k = c - 26. Suppose 0 = -j - 3*j + k. What is the tens digit of j?
3
Suppose -2*a - 2*a = -20. Suppose a*r + 12 = 3*r. Let x(t) = t**2 + 5*t. What is the units digit of x(r)?
6
Suppose 4889 = 4*x - 3*o, -4884 = -4*x - 0*x + 4*o. Suppose -2*t + x = 4*q, -7*q + 324 = -6*q + 4*t. What is the units digit of q?
4
Let p be (-16)/96 - (-10)/(-12). Let g = 40 - p. What is the units digit of g?
1
Suppose -2*u + 0*k = 3*k - 16, -12 = -3*k. Suppose -u*p - 3*p = -940. What is the units digit of p?
8
Let m(i) = -5*i + 1. Let y be m(-1). Suppose -3*j - 2*j = -4*n + y, 4*j = 2*n. Suppose j*c - 41 = 5. What is the units digit of c?
3
Let u = 78 + -75. Suppose 0 = -u*d - d - 4*z + 396, 3*d + 4*z = 299. What is the tens digit of d?
9
Suppose -3*j + 18 = 3*g, 3*j = j + 5*g - 16. Suppose j*r + 95 = -3*r. Let p = r - -22. What is the units digit of p?
3
Suppose -2*h - 120 = -2*u, -4*h + u = 62 + 175. Suppose 4*w = -12, -4*w - 598 = -5*i - 3*w. Let o = i + h. What is the tens digit of o?
6
Suppose 48 = -2*n + 5*n. Suppose 0 = 2*u - n - 142. Suppose -u = -5*t + 11. What is the tens digit of t?
1
Suppose 0*b = -2*b - 5*a + 233, -b + 2*a = -112. What is the tens digit of b*(-5)/25*-5?
1
Let m(a) = 12*a**2 + 18*a - 21. What is the units digit of m(6)?
9
Suppose 0 = -5*l + 20, 0*s = -3*s - 5*l + 125. Suppose 39*d - 940 = s*d. What is the hundreds digit of d?
2
Suppose -479 = -i - 4*m, 0 = 5*i - 4*m - 2267 - 224. What is the tens digit of i?
9
Suppose -b + 5*b = -40. Let u(r) = 2*r**2 + 9*r - 20. What is the units digit of u(b)?
0
Let t = -911 - -3349. What is the thousands digit of t?
2
Let o be 690/14 + -2*(-2)/(-14). Let w = 82 - o. What is the units digit of w?
3
Let u(z) = z**2 - 21*z - 56. Let a be u(23). Let t(i) = i**2 + 1. Let s(c) = 2*c**2 - 13*c - 11. Let h(l) = s(l) - 3*t(l). What is the tens digit of h(a)?
1
Let t = 8 - -10. Suppose -2*z - 4*w = -t, -z - 3*w + 8 + 4 = 0. Let v(k) = 2*k**2 - 3*k - 4. What is the units digit of v(z)?
5
Let j = 443 + -208. What is the hundreds digit of j?
2
Let b(x) = 3*x. Let u be b(1). Suppose -s - 20 = -5*s + 4*p, u*s - p - 9 = 0. Suppose -2*i + 25 = o - 4*o, 26 = 2*i - s*o. What is the units digit of i?
4
What is the units digit of (-216)/81*1/((-1)/102)?
2
Let p = 39 - 33. Let x be p + -3 + -1 - 0. Suppose -x*h + 99 = h. What is the tens digit of h?
3
Suppose 0 = r - 9*r - 8. Suppose 9 + 45 = 3*f. What is the tens digit of (r - f)/(16/(-32))?
3
Let x(q) = -2*q - 1. Let k(f) = -2*f + 6. Let u(c) = -c**2 - 13*c - 7. Let t be u(-12). Let j be k(t). What is the units digit of x(j)?
7
Let t be 64/5 + (-2)/(-10). Let i = t + 50. What is the tens digit of i?
6
Let u be 11/(((-3)/(-90))/(2/4)). What is the hundreds digit of u - (6 + -2 + -7)?
1
Let y = 8 - -5. Suppose -9 + y = 2*r. Suppose -3*z + m + 25 =